
Suppose -2*z = -49*w + 53*w - 1158, -321 = -w - 4*z. Suppose -3*y = -2*d - 100, -2*y - d + 40 = 3*d. Calculate the greatest common factor of y and w.
15
Let h = 114 + -66. Let m(i) = -14*i - 17. Let b be m(-3). Suppose -12 = -w + 4*l, -2*w + b + 26 = l. What is the highest common factor of h and w?
24
Suppose -5*n = 5*u - 465, 72*n + 10 = 74*n. What is the greatest common factor of u and 1639?
11
Suppose -18256 = -99*p - 64*p. What is the highest common factor of 406 and p?
14
Let s = -137 + 305. Let b = s + -135. What is the highest common divisor of 33 and b?
33
Let d be (104/39)/(2/570). Suppose 38*k = 19*k + d. What is the greatest common divisor of k and 120?
40
Let r = 433 - 341. Suppose 6*w = r + 16. What is the highest common divisor of 414 and w?
18
Let p be (-4)/22 + (-40)/22. Let c(s) = 10*s + 38. Let o be c(-5). Let w be -14*p/o*-3. What is the greatest common factor of 7 and w?
7
Suppose -2*x - 5*a = -12372, 5*a - 30837 = -5*x + 8*a. Calculate the highest common factor of x and 102.
51
Suppose -p - z + 697 = 0, 5*p - 374 = -3*z + 3103. Calculate the highest common factor of 2673 and p.
99
Suppose 3297 + 687 = -5*k - n, 4*n = 4*k + 3168. Let h = 892 + k. Calculate the highest common factor of 672 and h.
96
Let l be 838/5 - (54/(-110) + (-15)/(-165)). Suppose b - 112 = -2*w + 7*w, -448 = -4*b - 4*w. Calculate the highest common factor of l and b.
56
Let z(u) = -2*u + 494. Let l be z(106). Calculate the greatest common divisor of l and 94.
94
Let l(d) = -5*d**3 - 6*d**2 - 34*d - 8 + 4*d**3 + 0*d**3 + 2*d**3. Let k be l(10). Calculate the highest common factor of k and 4.
4
Let c(p) = -7*p**3 - 9*p**2 - 13*p + 57. Let t be c(-5). What is the highest common factor of 4 and t?
4
Let p = -1518 - -1558. What is the highest common divisor of p and 8?
8
Let v = 973 - 934. What is the greatest common factor of v and 91?
13
Let t = -15748 - -15772. Calculate the greatest common factor of 1664 and t.
8
Let n = 694 - 610. Let z = -39 + 75. Calculate the highest common divisor of n and z.
12
Let h(i) = i**2 - i + 143. Let u be h(0). Suppose -9*s + 457 - 358 = 0. What is the greatest common factor of u and s?
11
Let q(p) = 7*p**2 + 164*p + 902. Let o be q(-8). Let z(u) = -10*u**2 + u + 1. Let w be z(-1). Let t = 143 + w. What is the greatest common divisor of o and t?
19
Suppose 3*d = -2*c + 705, -1025 = 1189*c - 1192*c + 2*d. Calculate the highest common factor of 3174 and c.
69
Suppose 3*g - 4*t = 1013, g - 4*t - 351 = -0*g. Suppose -5*a = 5*b - 535, -6*b - g = -3*a - 7*b. Calculate the greatest common factor of 7 and a.
7
Suppose 3*m = -0*m + 243. Let j be 684/30*7965/118. What is the highest common divisor of j and m?
81
Let s be 2*2/(-4) - 5797/(-17). Let b = s + -331. Let l(y) = y**3 - 6*y**2 + 7*y - 7. Let n be l(5). What is the greatest common divisor of b and n?
3
Suppose 2*t - 3098 = -4*g, 2*t - 4*g - 1585 = t. What is the highest common factor of t and 119?
7
Suppose -197*d = -205*d + 336. Let t be (-14)/d + (-266)/(-6) - -4. Calculate the greatest common factor of 16 and t.
16
Suppose 3*b = -3*z + 927, -b - 3 = -2. Let t = z - 162. Let p be t/6 - (-1)/3. What is the highest common factor of 200 and p?
25
Suppose -4*o = -3*o - 2. Let m = 113 + -113. Suppose -3*u = 3*v - m*u - 6, 4 = -u. What is the highest common divisor of o and v?
2
Let l = 6779 - 6737. Calculate the highest common factor of 4935 and l.
21
Let c = 81 - 46. Let z = -25 + c. Let j(n) = -6*n + 152. Let t be j(7). What is the greatest common divisor of z and t?
10
Let v(i) = -51*i - 816. Let x be v(-59). What is the greatest common divisor of 86 and x?
43
Suppose 8*q - 171 = 709. Let u(c) = 3*c + 8. Let d be u(6). Let t be (3 - 3) + d + -4. What is the highest common divisor of q and t?
22
Let o = 8983 - 8872. What is the greatest common factor of 296 and o?
37
Suppose -6*w - 152 - 94 = 0. Let k = 21 + w. Let y = 25 + k. What is the greatest common divisor of y and 25?
5
Suppose 16 = -13*m + 17*m. Suppose 0 = -a - 4*b - 5, -10 = b + m*b. Let t be ((-63)/a*-1)/((-5)/(-20)). What is the highest common factor of 126 and t?
42
Let d be 12*(1 - 24/16). Let u be (0 + 2)/(4/(-6)). Let s be (20/u)/(2 - (-16)/d). Calculate the greatest common factor of s and 2.
2
Let m = 48 + 43. Suppose 5*r = -2*c + 70, r + 3*r - 56 = -c. What is the greatest common divisor of r and m?
7
Let a = 86 + -50. Let x = -94 - -97. Suppose -x*q - 2*y + 4 = 0, 0 = -2*q + 2*y - 0 + 16. What is the greatest common divisor of a and q?
4
Let f(j) = -9*j + 101. Let m be f(31). Let l = 188 + m. Let a be (-1)/(-4) - 319/(-4). What is the greatest common divisor of l and a?
10
Let q be 7/((-49)/36)*56/(-12). Suppose 0 = -5*b + q + 6. Let x = b - 5. Calculate the highest common divisor of x and 3.
1
Let q(g) = -23*g - 12. Let l(w) = -3. Let k(u) = 4*l(u) + q(u). Let m be k(-3). Calculate the greatest common factor of m and 630.
45
Suppose -5 + 17 = -4*b + 3*n, 3*b - 5*n + 20 = 0. Suppose b = -5*m, -k = -4*m - 20 + 13. What is the greatest common divisor of 21 and k?
7
Let l(r) = 2*r**3 - 11*r**2 + 4*r - 3. Let y be l(6). Let n be y/38 - (0 - 135/6). What is the highest common divisor of 60 and n?
12
Suppose 0 = 5*u - 154 + 14. Let k = -31728 + 32092. Calculate the highest common divisor of k and u.
28
Let j = 6530 + -6500. What is the greatest common divisor of 6 and j?
6
Suppose z + 2*f + 183 = 588, 1227 = 3*z + 3*f. What is the greatest common factor of z and 42?
7
Suppose 189 + 170 - 62 = 9*u. Calculate the greatest common divisor of 3729 and u.
33
Suppose 3*n = -n + 60. Let d(m) = -73*m**2 - 1087*m + 121. Let z be d(-15). What is the highest common divisor of n and z?
1
Let a(y) = y**3 + 2*y**2 - 2*y - 1. Let p be a(2). Suppose -8*r + p*r = 141. Suppose 59 - r = 4*w. What is the greatest common factor of 15 and w?
3
Suppose 16935 - 230856 = -57*g. What is the greatest common divisor of 139 and g?
139
Let l(q) = 5*q**3 + 23*q**2 + 23*q + 67. Let y be l(-4). Suppose 3*h + 2*p = h + 220, 3*p = -15. What is the highest common factor of y and h?
23
Let o(r) = -r + 23. Let n = 46 + -24. Let s be o(n). Let l(m) = m + 6. Let v be l(-5). Calculate the highest common factor of v and s.
1
Let q be (-4 + -6 + 8)/((-2)/(-12)). Let h be q/(-4) + (-148)/(12/(-3)). Suppose 0 = -2*l - 3 + 13. What is the highest common factor of l and h?
5
Let v(q) be the first derivative of q**4/4 + 3*q**3 - 4*q**2 + 34*q - 12. Let a be v(-7). Calculate the highest common factor of a and 8.
4
Suppose -4 = -37*a + 35*a. Let t be a*7/(8/8). What is the greatest common divisor of 22 and t?
2
Suppose -2 = 2*p, 1846 = 2*r - 4*p - 7220. Calculate the greatest common factor of 69 and r.
23
Let v be (-144)/(-30) + -4 - (-1344)/20. What is the highest common factor of v and 4012?
68
Let p(z) = -z**3 + 8*z**2 + 4*z + 169. Let x be p(10). Let l = -11 - -38. What is the greatest common factor of x and l?
9
Suppose 4*m + 1589 = 3*l - 263, 0 = 50*l - 4*m - 30992. Suppose 2*f = 4*a + 36, 130 - 27 = 5*f + 3*a. What is the greatest common factor of l and f?
20
Let w(s) = 4*s + 2. Let u be w(3). Let p be -26*(-13)/u - (-1)/(-7). Calculate the greatest common factor of p and 3.
3
Suppose 19*r + 1063 = 25212. Calculate the greatest common factor of r and 82.
41
Suppose 10 - 274 = -22*t. Suppose 335 = 93*s - 1060. What is the greatest common divisor of s and t?
3
Let f = 458 - 395. Let y be 3/1 - (f + -66). Calculate the greatest common factor of y and 165.
3
Let h = -1452 - -1467. Let f = -24 + 39. Calculate the highest common factor of h and f.
15
Suppose 0 = -d + 3*l + 10, -l - 35 = -d - 3*l. Suppose -30*m + 175 = -d*m. Calculate the highest common factor of m and 35.
35
Suppose -13*d + 2927 + 8532 + 696 = 0. Calculate the greatest common divisor of d and 340.
85
Suppose 5*a = 5*r + 180, 0 = -2*a + 5*r + 21 + 39. Let z(o) = -2*o**3 + 35*o**2 + 17*o + 23. Let w be z(18). What is the highest common divisor of a and w?
5
Let x be (-1 - 6/(-2))*(73 + -72). Suppose x*d - 14*d = -336. Let i be (-21)/6*-2 + -3. What is the greatest common divisor of d and i?
4
Let r be 1 + 0 + (394 - -3 - -7). Suppose -r = -10*h + h. What is the greatest common divisor of 495 and h?
45
Suppose -g + 2*x + 619 = 0, -29*x + 2 = -27*x. Calculate the highest common factor of g and 